730.
694
What is the remainder when 13644 is divided by 91?
85
Calculate the remainder when 12821 is divided by 449.
249
Calculate the remainder when 361 is divided by 73.
69
Calculate the remainder when 427050 is divided by 61007.
1
Calculate the remainder when 4275 is divided by 17.
8
Calculate the remainder when 2443863 is divided by 1793.
4
What is the remainder when 51443 is divided by 12852?
35
What is the remainder when 370945 is divided by 92733?
13
Calculate the remainder when 24891 is divided by 350.
41
Calculate the remainder when 10252 is divided by 3149.
805
Calculate the remainder when 60003 is divided by 735.
468
Calculate the remainder when 459907 is divided by 153275.
82
Calculate the remainder when 9578 is divided by 46.
10
What is the remainder when 34767 is divided by 416?
239
What is the remainder when 119568 is divided by 197?
186
What is the remainder when 1319 is divided by 350?
269
What is the remainder when 52798 is divided by 429?
31
Calculate the remainder when 328 is divided by 157.
14
Calculate the remainder when 281414 is divided by 22.
12
Calculate the remainder when 3822 is divided by 1760.
302
Calculate the remainder when 1639496 is divided by 20.
16
Calculate the remainder when 748 is divided by 28.
20
What is the remainder when 95446 is divided by 76?
66
What is the remainder when 38372 is divided by 234?
230
What is the remainder when 1989145 is divided by 133?
130
Calculate the remainder when 8065 is divided by 197.
185
What is the remainder when 119789 is divided by 42?
5
What is the remainder when 85520 is divided by 42753?
14
What is the remainder when 2424 is divided by 1654?
770
What is the remainder when 12462 is divided by 485?
337
Calculate the remainder when 589640 is divided by 42117.
2
Calculate the remainder when 7430 is divided by 2079.
1193
What is the remainder when 79864 is divided by 26556?
196
What is the remainder when 3078 is divided by 568?
238
Calculate the remainder when 16073 is divided by 5129.
686
What is the remainder when 66829 is divided by 99?
4
Calculate the remainder when 17880 is divided by 2554.
2
Calculate the remainder when 8444 is divided by 21.
2
What is the remainder when 37576 is divided by 187?
176
Calculate the remainder when 983091 is divided by 14.
11
What is the remainder when 952455 is divided by 61?
1
Calculate the remainder when 10883 is divided by 284.
91
What is the remainder when 8175 is divided by 47?
44
What is the remainder when 1872656 is divided by 690?
686
Calculate the remainder when 90108 is divided by 21.
18
What is the remainder when 9714 is divided by 249?
3
Calculate the remainder when 106725 is divided by 34.
33
Calculate the remainder when 13880 is divided by 4392.
704
Calculate the remainder when 859 is divided by 71.
7
What is the remainder when 2284 is divided by 315?
79
What is the remainder when 3341 is divided by 293?
118
Calculate the remainder when 131919 is divided by 118.
113
Calculate the remainder when 31068 is divided by 862.
36
What is the remainder when 1568502 is divided by 1036?
1034
What is the remainder when 1860838 is divided by 54?
52
Calculate the remainder when 24827 is divided by 12388.
51
What is the remainder when 321466 is divided by 687?
637
What is the remainder when 1784233 is divided by 594739?
16
Calculate the remainder when 1208511 is divided by 46.
45
Calculate the remainder when 6489 is divided by 1405.
869
Calculate the remainder when 6455 is divided by 11.
9
Calculate the remainder when 51867 is divided by 266.
263
What is the remainder when 63523 is divided by 42?
19
Calculate the remainder when 780 is divided by 158.
148
Calculate the remainder when 444836 is divided by 13.
2
What is the remainder when 204335 is divided by 1419?
1418
What is the remainder when 34655 is divided by 120?
95
Calculate the remainder when 4224 is divided by 406.
164
What is the remainder when 18833 is divided by 35?
3
Calculate the remainder when 6621 is divided by 19.
9
What is the remainder when 40296 is divided by 50?
46
What is the remainder when 6459 is divided by 7?
5
What is the remainder when 725 is divided by 124?
105
What is the remainder when 760612 is divided by 100?
12
What is the remainder when 25242 is divided by 8399?
45
Calculate the remainder when 63851 is divided by 15962.
3
What is the remainder when 10827 is divided by 48?
27
What is the remainder when 18480 is divided by 34?
18
Calculate the remainder when 2674541 is divided by 111.
107
What is the remainder when 38755 is divided by 12?
7
Calculate the remainder when 2178 is divided by 1739.
439
What is the remainder when 165475 is divided by 1?
0
What is the remainder when 7759 is divided by 129?
19
Calculate the remainder when 453 is divided by 59.
40
What is the remainder when 33155 is divided by 20?
15
What is the remainder when 508 is divided by 494?
14
What is the remainder when 70749 is divided by 139?
137
Calculate the remainder when 60023 is divided by 65.
28
Calculate the remainder when 1814 is divided by 99.
32
What is the remainder when 740925 is divided by 272?
269
What is the remainder when 21217 is divided by 1250?
1217
Calculate the remainder when 636161 is divided by 448.
1
What is the remainder when 12211 is divided by 6102?
7
What is the remainder when 2303 is divided by 377?
41
Calculate the remainder when 5226 is divided by 1542.
600
Calculate the remainder when 5029 is divided by 554.
43
What is the remainder when 1361911 is divided by 929?
926
Calculate the remainder when 502378 is divided by 167452.
22
Calculate the remainder when 3673 is divided by 353.
143
What is the remainder when 201376 is divided by 40267?
41
Calculate the remainder when 695 is divided by 4.
3
Calculate the remainder when 600960 is divided by 391.
384
Calculate the remainder when 280680 is divided by 43.
19
What is the remainder when 22807 is divided by 1192?
159
Calculate the remainder when 113899 is divided by 170.
169
What is the remainder when 1942 is divided by 829?
284
Calculate the remainder when 309635 is divided by 145.
60
Calculate the remainder when 434072 is divided by 80.
72
What is the remainder when 81910 is divided by 41?
33
Calculate the remainder when 4222 is divided by 319.
75
What is the remainder when 18778 is divided by 377?
305
Calculate the remainder when 10432 is divided by 689.
97
Calculate the remainder when 68937 is divided by 1863.
6
Calculate the remainder when 36772 is divided by 837.
781
Calculate the remainder when 7250 is divided by 37.
35
Calculate the remainder when 24909 is divided by 346.
343
Calculate the remainder when 1739 is divided by 714.
311
Calculate the remainder when 2998 is divided by 1013.
972
Calculate the remainder when 15216 is divided by 7587.
42
What is the remainder when 874 is divided by 295?
284
What is the remainder when 65350 is divided by 13?
12
What is the remainder when 1359 is divided by 858?
501
Calculate the remainder when 2209 is divided by 159.
142
What is the remainder when 11013 is divided by 1572?
9
Calculate the remainder when 21482 is divided by 3068.
6
Calculate the remainder when 37889 is divided by 690.
629
Calculate the remainder when 7909 is divided by 2611.
76
Calculate the remainder when 16616 is divided by 101.
52
What is the remainder when 160256 is divided by 22892?
12
What is the remainder when 164870 is divided by 6?
2
Calculate the remainder when 45367 is divided by 214.
213
What is the remainder when 9481 is divided by 130?
121
What is the remainder when 531835 is divided by 21273?
10
Calculate the remainder when 10402 is divided by 254.
242
Calculate the remainder when 751 is divided by 110.
91
What is the remainder when 14732 is divided by 89?
47
What is the remainder when 948 is divided by 115?
28
What is the remainder when 6338 is divided by 38?
30
Calculate the remainder when 7685 is divided by 4.
1
Calculate the remainder when 77314 is divided by 77297.
17
What is the remainder when 9666 is divided by 1663?
1351
Calculate the remainder when 12161 is divided by 1318.
299
What is the remainder when 2527 is divided by 1237?
53
Calculate the remainder when 3712 is divided by 64.
0
Calculate the remainder when 17421 is divided by 217.
61
Calculate the remainder when 2